Suppose -c = 5*o - 7508 - 3752, 33812 = 3*c - o. Suppose 3*k - 12565 - c = 0. Suppose 0 = 2*b - 3*z - 11252, -2*z - 2326 = b - k. Is b prime?
True
Suppose 0 = y - p + 3, y - 4*p + 12 = 2*y. Suppose -16*j + 4224 + 24592 = y. Is j composite?
False
Let m be 1230*(11/(-3) - -2). Let l = -210 - 185. Let j = l - m. Is j composite?
True
Let r(f) = 7034*f**2 - 5*f + 7. Let z be r(2). Let w = z - 15690. Is w a prime number?
False
Let v(z) = -z**3 + 172*z**2 + 488*z - 639. Is v(130) composite?
True
Suppose 0 = -11*w + 40*w + 13*w. Suppose 3*m - a - 66325 = w, 41651 = -5*m - 4*a + 152204. Is m a prime number?
True
Suppose -2*l - 10*u + 58444 = 0, -3*u - 89059 = -4*l + 27852. Is l composite?
True
Let w(i) = i**3 - 6*i**2 + 12*i - 11. Let j be w(4). Suppose -y + j*y - 15956 = 0. Is y prime?
True
Suppose 202*v + 45 = 449. Suppose 5*a - 260850 = -0*a. Is a/48 + v/16 composite?
False
Let g(h) = 2210*h**2 - 104*h - 587. Let l(p) = 442*p**2 - 21*p - 117. Let i(n) = -2*g(n) + 11*l(n). Is i(-4) prime?
False
Suppose -l + 3 = 0, -4*l + 8*l - 808 = 4*b. Let r = b + 410. Is r a prime number?
True
Let l(q) be the third derivative of q**5/15 + q**4/3 - 5*q**3/6 - 24*q**2. Let f be l(5). Suppose 0*g - 9*g = -f. Is g composite?
True
Suppose 0 = 11*l - 0 - 0. Suppose 5*i - 10 = l, 25754 - 6022 = 4*x + 4*i. Is x a prime number?
True
Suppose -63 = -3*w - y, -6*y = 3*w - 2*y - 63. Suppose -w = -2*a - 5*x, -9*a = -7*a + x - 9. Suppose -a*p = p - 6244. Is p prime?
False
Let r(p) = p**2 + 5*p - 4. Let b be r(-6). Let h(j) = -j**3 - 18*j**2 - 36*j + 5. Let t be h(-16). Let m = t - b. Is m composite?
False
Let o(g) = g**3 - 14*g**2 + 2. Let m be o(14). Let b(q) = 1063 + 15*q - 14*q + 2100 - m*q**2. Is b(0) a prime number?
True
Let k be (-82)/(-6) - 1/(-3). Let w be (k/(-4) - 0)/(39/(-156)). Is 3684/24*(w + 0) a prime number?
False
Suppose -3*c - c + 238712 = -5*t, -c = -t - 59678. Let w = c - 39729. Is w composite?
False
Let d(o) = -o**3 - 16*o**2 + 3*o + 53. Let i be d(-16). Suppose 3714 = 2*s + i*k, 0 = -3*s - 4*k + 5190 + 367. Is s composite?
False
Suppose -4*h = 5*g - 407 + 143, 0 = -g + 4*h + 48. Let c be 13/g + (-38)/(-8). Suppose 4*x = 6*x - c*q - 91, -q = -x + 50. Is x a composite number?
False
Let p = 24433 + 70876. Is p a composite number?
True
Is (-17 + -206322 - 6)*1/5*-1 a prime number?
True
Let d(n) = -n**2 + n + 61. Let f be d(-7). Is (-2153)/((-35)/25 - (-2)/f) prime?
True
Let g be 8/10 - (-2300)/250. Let j(v) = 903*v - 157. Is j(g) composite?
True
Let z(q) = 4*q**2 + 18*q - 129. Let b(m) = m**2 + 4*m - 32. Let p(d) = 9*b(d) - 2*z(d). Is p(17) composite?
True
Is (2231767 - 0)*(-25 - 286/(-11)) prime?
True
Suppose 0 = -96*c + 7665156 - 323940. Is c a composite number?
False
Let b(t) be the third derivative of -143*t**4/8 + 2*t**3/3 - 65*t**2. Is b(-13) a prime number?
True
Suppose 4*j = 2*w - 302030, 386229 = 5*w + 2*j - 368846. Is w a composite number?
True
Let i(h) = 2*h - 8. Let m be i(7). Suppose -4*r + 10 + 42 = 0. Suppose r + m = n. Is n a prime number?
True
Suppose -134912 + 219046 - 1014426 = -44*r. Is r a prime number?
True
Is (-3 - 1915/(-3))/(174/27927) composite?
True
Let j(s) = -2403*s - 94. Let q be j(-19). Suppose -26*l = -20451 - q. Is l a composite number?
False
Suppose -h = 0, -2*j - 2*h = -h - 12. Let v be (239 + -2)/(j/(-8)). Is (v + -1)/(2/(-2)) prime?
True
Let k be 3*(24/(-9) + 9/3). Suppose j + k = 4. Is 4049/(j*3/9) prime?
True
Suppose -70*j + 64*j = -18. Suppose d + 2*n - 8403 = 0, -6*n + 25249 = j*d - 8*n. Is d prime?
False
Let j be 2/(-14)*2 + (-40)/7. Let u be ((-3)/6*347)/(3/j). Suppose -3*f + 556 = -5*i, -2*f + u = i - 28. Is f a prime number?
False
Let j be 1 - (4/9 - 41112/(-81)). Let h = 22 - j. Is h prime?
False
Let k(o) = o**2 + 1. Let q(f) = -f**3 + 34*f**2 - 32*f - 45. Let r(a) = -6*k(a) + q(a). Is r(22) a prime number?
False
Let j(t) be the third derivative of 63*t**4/8 + 11*t**3/6 - 9*t**2. Let l be j(3). Let i = l + -45. Is i a composite number?
True
Let n = 10034 - -8795. Is n a composite number?
True
Let d be -190*(6/4 + -2). Let g = d + -90. Is ((g - -2) + -8)*(-10722 - 1) a prime number?
True
Let u = -2450 - -5738. Suppose 5*n = -2*i + 7076, -5*i + 21011 = -4*n + u. Suppose -y = 2*z - 7*z + 4434, 5*y = 4*z - i. Is z composite?
False
Suppose 1005 = -8*b + 6765. Let l = b - -2149. Is l composite?
True
Let d = 3188875 + -1734476. Is d a prime number?
True
Let o(i) = -i**2 + 19*i - 87. Let j be o(9). Is (-110868)/2*(-1)/j prime?
False
Let s(i) = i**3 + i**2 - 7*i + 19. Suppose 0 = 18*o - 19*o + 9. Let b be s(o). Let g = b - -113. Is g prime?
False
Let d be -5*(1 - (-45)/(-25)). Suppose 0 = 5*k + j - 1533, -4*k = -0*k + d*j - 1220. Is k composite?
False
Let z = 2609 + -1427. Suppose -4*v - 1182 = 2*q - 2*v, 5*v - 1168 = 2*q. Let w = z + q. Is w a prime number?
True
Suppose -6*z - 4*q = -3*z + 1914, 0 = z + 2*q + 636. Is (3/(-27)*-69)/((-2)/z) prime?
False
Let u(g) = 7*g - 25. Let d be u(4). Suppose 0 = s - 4*h - 41, 0 = s - d*h - 2*h - 42. Suppose -41*z + 1972 = -s*z. Is z a composite number?
True
Suppose 55231 = 6*f + 5*f. Suppose 0 = -2*o - k + f, 3*o + k = -3*k + 7524. Suppose 4*z - 3*p = 2510, 3*p + o = 4*z + p. Is z a prime number?
False
Is 2427654/42 - -1 - (-15)/21 a composite number?
False
Suppose 78*u - 7*u = 555859. Is u composite?
False
Suppose d = -1502 + 6182. Let g = 9889 - d. Is g composite?
False
Suppose -3 + 2 = t. Let i = -5 - t. Is -2*(-1)/(-4) + (-94)/i a prime number?
True
Suppose p - 3*q = 11471, -3*p + q = -q - 34385. Let b = 7 + -1. Suppose -b*j + p = j. Is j prime?
True
Let t(m) = 728*m + 9. Suppose 3*a = -5*f + 73, 70 = 3*a + 2*f + 12. Is t(a) prime?
True
Suppose 969*h - 34426 = 955*h. Is h composite?
False
Suppose 38*u - 39*u + 1123170 = 5*c, 898537 = 4*c + u. Is c composite?
False
Let c(z) = -z**2 - 2*z + 1. Let j(x) = -43*x**2 + 18*x - 42. Let q(t) = -6*c(t) - j(t). Is q(-11) a prime number?
False
Let c = 593125 + -283704. Is c a prime number?
False
Suppose 3*d = -5*m + 12 + 2, -12 = 4*d - m. Let n(j) be the first derivative of 77*j**3/3 + j**2/2 + j - 73. Is n(d) a composite number?
False
Let v be (30/(-18))/(2/(-6)). Suppose -v*t - 450 = -3*q, -2*q + 2*t + 52 = -252. Is q prime?
False
Suppose 7*t + 2 = 3*t - 5*i, t + 2*i + 2 = 0. Let l(b) = -5*b - 4*b**t - 36*b**3 - 26*b**3 + 6*b**3 - 5. Is l(-2) composite?
True
Let w(x) = -6011*x - 18. Let a(c) = 3005*c + 8. Let b(l) = -15*a(l) - 6*w(l). Is b(-1) a composite number?
True
Let a(g) = 12779*g + 231. Is a(10) prime?
True
Let b(h) = h**2 - 19*h - 24. Let z be b(20). Let p(q) = -332*q + 12. Let l be p(z). Let g = l + -403. Is g prime?
True
Suppose 10*q - 10701126 + 1311615 = q. Is q a prime number?
True
Let b(r) = -22924*r - 9921. Is b(-11) composite?
False
Let l = 729 + -231. Let r = -351 + 1816. Let f = r - l. Is f a composite number?
False
Let l(h) = 5*h**2 - 15*h - 24. Let t be l(-9). Let o = t + -27. Is o a prime number?
False
Let x be (-9491*12)/(27/(-27)). Suppose -44*d + 32*d + x = 0. Is d prime?
True
Suppose 4*l = 3*h + 2*h + 25, 20 = 3*l - 4*h. Suppose -53*a + 54*a - 2321 = l. Is a a prime number?
False
Let g = 292 + -290. Suppose 4*n - 2*n = 5*i - 37161, g*n = i - 7429. Is i prime?
True
Let y(h) = 1671*h - 33 - 25 + 20 + 79 + 15. Is y(5) a composite number?
True
Let a(c) = -3*c + 2. Let x be a(6). Let h(t) = -6*t + 13 + 26*t - 19*t - 35*t. Is h(x) a composite number?
False
Let m = -5595 + 13042. Is m prime?
False
Suppose -5*o - w + 166433 = 0, -3*w = 268*o - 273*o + 166441. Is o composite?
False
Let q = -708776 - -1180393. Is q a composite number?
False
Suppose 2735209 + 4832249 = 118*x. Is x composite?
True
Suppose s = -29 + 60. Suppose -3*h - 5*d = -20, -4*h = 3*d - s + 8. Is 8444/h - (-8)/40 a prime number?
False
Let s = 49 - 55. Let d be s/8 - 110/(-40). Suppose 2 = d*f - 0, 0 = 5*q + f - 831. Is q prime?
False
Let w(h) = -4*h**3 - 16*h**2 + h - 7. Let i(c) = -c**3 - c**2 + 1. Let z(a) = -5*i(a) + w(a). Let f be z(11). Is (-6 - -3) + 27 + f composite?
False
Suppose 0 = -11*h - 236476 + 783902. Let n = h - 35395. Is n composite?
True
Suppose -13*v + 15431771 = -7955879. Suppose v = 50*d - 0*d. Is d prime?
False
Is ((-308)/(-462))/((-6)/(-8064423)) composite?
False
Let k(y) = -1016*y - 955. Is k(-58) prime?
True
Let t = 14638 + -3883